{"id":2,"date":"2025-12-09T18:32:39","date_gmt":"2025-12-09T18:32:39","guid":{"rendered":"http:\/\/wplecionywatek.pl\/?page_id=2"},"modified":"2025-12-19T05:54:09","modified_gmt":"2025-12-19T05:54:09","slug":"kontakt","status":"publish","type":"page","link":"https:\/\/wplecionywatek.pl\/index.php\/kontakt\/","title":{"rendered":"Kontakt"},"content":{"rendered":"\n<h2 class=\"wp-block-heading\">Dane do kontaktu:<\/h2>\n\n\n\n<p>Email: wplecionywatek@gmail.com<\/p>\n\n\n\n<p>Moje konto instagramowe: <a href=\"https:\/\/www.instagram.com\/wpleciony_watek\/?hl=en\">@Wpleciony_watek<\/a><\/p>\n\n\n\n<p>Ch\u0119tnie poznam Wasze przemy\u015blenia oraz troch\u0119 mi\u0142ych s\u0142\u00f3w od os\u00f3b, kt\u00f3re przeczytaj\u0105 moje tre\u015bci. Je\u015bli macie ochot\u0119 podyskutowa\u0107 na tematy ksi\u0105\u017ckowe, zapraszam do kontaktu!<\/p>\n\n\n\n<p>Je\u015bli jeste\u015bcie ciekawi innych moich publikacji, zach\u0119cam do zajrzenia na <a href=\"https:\/\/open.spotify.com\/episode\/3aWhkmZ3ZbuklAPdw3y2Gj\">Spotify<\/a><\/p>\n\n\n\n<p><\/p>\n","protected":false},"excerpt":{"rendered":"<p>Dane do kontaktu: Email: wplecionywatek@gmail.com Moje konto instagramowe: @Wpleciony_watek Ch\u0119tnie poznam Wasze przemy\u015blenia oraz troch\u0119 mi\u0142ych s\u0142\u00f3w od os\u00f3b, kt\u00f3re przeczytaj\u0105 moje tre\u015bci. Je\u015bli macie ochot\u0119 podyskutowa\u0107 na tematy ksi\u0105\u017ckowe, zapraszam do kontaktu! Je\u015bli jeste\u015bcie ciekawi innych moich publikacji, zach\u0119cam do zajrzenia na Spotify<\/p>\n","protected":false},"author":1,"featured_media":0,"parent":0,"menu_order":0,"comment_status":"closed","ping_status":"open","template":"","meta":{"footnotes":""},"class_list":["post-2","page","type-page","status-publish","hentry"],"yoast_head":"<!-- This site is optimized with the Yoast SEO plugin v27.4 - https:\/\/yoast.com\/product\/yoast-seo-wordpress\/ -->\n<title>Kontakt - Wpleciony w\u0105tek<\/title>\n<meta name=\"description\" content=\"Kontakt pod kt\u00f3rym mo\u017cecie skontaktowa\u0107 si\u0119 z autork\u0105 dla bloga Wpleciony w\u0105tek oraz Instagrama. Tutaj odpowiem najszybciej. Zapraszam!\" \/>\n<meta name=\"robots\" content=\"index, follow, max-snippet:-1, max-image-preview:large, max-video-preview:-1\" \/>\n<link rel=\"canonical\" href=\"https:\/\/wplecionywatek.pl\/index.php\/kontakt\/\" \/>\n<meta property=\"og:locale\" content=\"en_US\" \/>\n<meta property=\"og:type\" content=\"article\" \/>\n<meta property=\"og:title\" content=\"Kontakt - Wpleciony w\u0105tek\" \/>\n<meta property=\"og:description\" content=\"Kontakt pod kt\u00f3rym mo\u017cecie skontaktowa\u0107 si\u0119 z autork\u0105 dla bloga Wpleciony w\u0105tek oraz Instagrama. Tutaj odpowiem najszybciej. Zapraszam!\" \/>\n<meta property=\"og:url\" content=\"https:\/\/wplecionywatek.pl\/index.php\/kontakt\/\" \/>\n<meta property=\"og:site_name\" content=\"Wpleciony w\u0105tek\" \/>\n<meta property=\"article:modified_time\" content=\"2025-12-19T05:54:09+00:00\" \/>\n<meta name=\"twitter:card\" content=\"summary_large_image\" \/>\n<meta name=\"twitter:label1\" content=\"Est. reading time\" \/>\n\t<meta name=\"twitter:data1\" content=\"1 minute\" \/>\n<script type=\"application\/ld+json\" class=\"yoast-schema-graph\">{\"@context\":\"https:\\\/\\\/schema.org\",\"@graph\":[{\"@type\":\"WebPage\",\"@id\":\"https:\\\/\\\/wplecionywatek.pl\\\/index.php\\\/kontakt\\\/\",\"url\":\"https:\\\/\\\/wplecionywatek.pl\\\/index.php\\\/kontakt\\\/\",\"name\":\"Kontakt - Wpleciony w\u0105tek\",\"isPartOf\":{\"@id\":\"https:\\\/\\\/wplecionywatek.pl\\\/#website\"},\"datePublished\":\"2025-12-09T18:32:39+00:00\",\"dateModified\":\"2025-12-19T05:54:09+00:00\",\"description\":\"Kontakt pod kt\u00f3rym mo\u017cecie skontaktowa\u0107 si\u0119 z autork\u0105 dla bloga Wpleciony w\u0105tek oraz Instagrama. Tutaj odpowiem najszybciej. Zapraszam!\",\"breadcrumb\":{\"@id\":\"https:\\\/\\\/wplecionywatek.pl\\\/index.php\\\/kontakt\\\/#breadcrumb\"},\"inLanguage\":\"en-US\",\"potentialAction\":[{\"@type\":\"ReadAction\",\"target\":[\"https:\\\/\\\/wplecionywatek.pl\\\/index.php\\\/kontakt\\\/\"]}]},{\"@type\":\"BreadcrumbList\",\"@id\":\"https:\\\/\\\/wplecionywatek.pl\\\/index.php\\\/kontakt\\\/#breadcrumb\",\"itemListElement\":[{\"@type\":\"ListItem\",\"position\":1,\"name\":\"Home\",\"item\":\"https:\\\/\\\/wplecionywatek.pl\\\/\"},{\"@type\":\"ListItem\",\"position\":2,\"name\":\"Kontakt\"}]},{\"@type\":\"WebSite\",\"@id\":\"https:\\\/\\\/wplecionywatek.pl\\\/#website\",\"url\":\"https:\\\/\\\/wplecionywatek.pl\\\/\",\"name\":\"Wpleciony w\u0105tek\",\"description\":\"\",\"potentialAction\":[{\"@type\":\"SearchAction\",\"target\":{\"@type\":\"EntryPoint\",\"urlTemplate\":\"https:\\\/\\\/wplecionywatek.pl\\\/?s={search_term_string}\"},\"query-input\":{\"@type\":\"PropertyValueSpecification\",\"valueRequired\":true,\"valueName\":\"search_term_string\"}}],\"inLanguage\":\"en-US\"}]}<\/script>\n<!-- \/ Yoast SEO plugin. -->","yoast_head_json":{"title":"Kontakt - Wpleciony w\u0105tek","description":"Kontakt pod kt\u00f3rym mo\u017cecie skontaktowa\u0107 si\u0119 z autork\u0105 dla bloga Wpleciony w\u0105tek oraz Instagrama. Tutaj odpowiem najszybciej. Zapraszam!","robots":{"index":"index","follow":"follow","max-snippet":"max-snippet:-1","max-image-preview":"max-image-preview:large","max-video-preview":"max-video-preview:-1"},"canonical":"https:\/\/wplecionywatek.pl\/index.php\/kontakt\/","og_locale":"en_US","og_type":"article","og_title":"Kontakt - Wpleciony w\u0105tek","og_description":"Kontakt pod kt\u00f3rym mo\u017cecie skontaktowa\u0107 si\u0119 z autork\u0105 dla bloga Wpleciony w\u0105tek oraz Instagrama. Tutaj odpowiem najszybciej. Zapraszam!","og_url":"https:\/\/wplecionywatek.pl\/index.php\/kontakt\/","og_site_name":"Wpleciony w\u0105tek","article_modified_time":"2025-12-19T05:54:09+00:00","twitter_card":"summary_large_image","twitter_misc":{"Est. reading time":"1 minute"},"schema":{"@context":"https:\/\/schema.org","@graph":[{"@type":"WebPage","@id":"https:\/\/wplecionywatek.pl\/index.php\/kontakt\/","url":"https:\/\/wplecionywatek.pl\/index.php\/kontakt\/","name":"Kontakt - Wpleciony w\u0105tek","isPartOf":{"@id":"https:\/\/wplecionywatek.pl\/#website"},"datePublished":"2025-12-09T18:32:39+00:00","dateModified":"2025-12-19T05:54:09+00:00","description":"Kontakt pod kt\u00f3rym mo\u017cecie skontaktowa\u0107 si\u0119 z autork\u0105 dla bloga Wpleciony w\u0105tek oraz Instagrama. Tutaj odpowiem najszybciej. Zapraszam!","breadcrumb":{"@id":"https:\/\/wplecionywatek.pl\/index.php\/kontakt\/#breadcrumb"},"inLanguage":"en-US","potentialAction":[{"@type":"ReadAction","target":["https:\/\/wplecionywatek.pl\/index.php\/kontakt\/"]}]},{"@type":"BreadcrumbList","@id":"https:\/\/wplecionywatek.pl\/index.php\/kontakt\/#breadcrumb","itemListElement":[{"@type":"ListItem","position":1,"name":"Home","item":"https:\/\/wplecionywatek.pl\/"},{"@type":"ListItem","position":2,"name":"Kontakt"}]},{"@type":"WebSite","@id":"https:\/\/wplecionywatek.pl\/#website","url":"https:\/\/wplecionywatek.pl\/","name":"Wpleciony w\u0105tek","description":"","potentialAction":[{"@type":"SearchAction","target":{"@type":"EntryPoint","urlTemplate":"https:\/\/wplecionywatek.pl\/?s={search_term_string}"},"query-input":{"@type":"PropertyValueSpecification","valueRequired":true,"valueName":"search_term_string"}}],"inLanguage":"en-US"}]}},"jetpack_sharing_enabled":true,"_links":{"self":[{"href":"https:\/\/wplecionywatek.pl\/index.php\/wp-json\/wp\/v2\/pages\/2","targetHints":{"allow":["GET"]}}],"collection":[{"href":"https:\/\/wplecionywatek.pl\/index.php\/wp-json\/wp\/v2\/pages"}],"about":[{"href":"https:\/\/wplecionywatek.pl\/index.php\/wp-json\/wp\/v2\/types\/page"}],"author":[{"embeddable":true,"href":"https:\/\/wplecionywatek.pl\/index.php\/wp-json\/wp\/v2\/users\/1"}],"replies":[{"embeddable":true,"href":"https:\/\/wplecionywatek.pl\/index.php\/wp-json\/wp\/v2\/comments?post=2"}],"version-history":[{"count":1,"href":"https:\/\/wplecionywatek.pl\/index.php\/wp-json\/wp\/v2\/pages\/2\/revisions"}],"predecessor-version":[{"id":91,"href":"https:\/\/wplecionywatek.pl\/index.php\/wp-json\/wp\/v2\/pages\/2\/revisions\/91"}],"wp:attachment":[{"href":"https:\/\/wplecionywatek.pl\/index.php\/wp-json\/wp\/v2\/media?parent=2"}],"curies":[{"name":"wp","href":"https:\/\/api.w.org\/{rel}","templated":true}]}}